{"id":158,"date":"2024-01-03T20:17:42","date_gmt":"2024-01-03T19:17:42","guid":{"rendered":"http:\/\/mdsconsilia.fr\/?page_id=158"},"modified":"2024-09-24T18:34:12","modified_gmt":"2024-09-24T16:34:12","slug":"evaluation-des-risques","status":"publish","type":"page","link":"http:\/\/mdsconsilia.fr\/index.php\/evaluation-des-risques\/","title":{"rendered":"\u00c9valuation des Risques"},"content":{"rendered":"\t\t<div data-elementor-type=\"wp-page\" data-elementor-id=\"158\" class=\"elementor elementor-158\">\n\t\t\t\t<div class=\"elementor-element elementor-element-a03edf7 e-flex e-con-boxed e-con e-parent\" data-id=\"a03edf7\" data-element_type=\"container\" data-e-type=\"container\">\n\t\t\t\t\t<div class=\"e-con-inner\">\n\t\t\t\t<div class=\"elementor-element elementor-element-4a1d990 elementor-widget elementor-widget-text-editor\" data-id=\"4a1d990\" data-element_type=\"widget\" data-e-type=\"widget\" data-widget_type=\"text-editor.default\">\n\t\t\t\t<div class=\"elementor-widget-container\">\n\t\t\t\t\t\t\t\t\t<p>L&#8217;<strong>\u00e9valuation des risques sanitaires pour une TPE\/PME<\/strong> est une d\u00e9marche essentielle pour prot\u00e9ger les employ\u00e9s, les clients et l&#8217;environnement ; cela implique d&#8217;identifier, d&#8217;analyser et de pr\u00e9venir les risques li\u00e9s \u00e0 divers facteurs comme les agents biologiques, chimiques, et environnementaux.<\/p>\n<p>Selon l&#8217;<strong>Anses<\/strong>, les risques sanitaires se r\u00e9f\u00e8rent \u00e0 toute menace pour la sant\u00e9 humaine, l&#8217;environnement ou les animaux provenant d&#8217;agents <strong>biologiques<\/strong> (bact\u00e9ries, virus, parasites), <strong>chimiques<\/strong> (hydrocarbures, m\u00e9taux lourds) ou <strong>environnementaux<\/strong> (pollution, nuisibles). Une mauvaise gestion de ces risques peut avoir de graves cons\u00e9quences sur la sant\u00e9 des employ\u00e9s et la continuit\u00e9 de l&#8217;entreprise.<\/p>\n<p>L\u2019<strong>\u00e9valuation des risques<\/strong> permet d\u2019identifier si un risque sanitaire, biologique, chimique ou physique (son, bruit) auxquels les salari\u00e9s et\/ou les usagers sont expos\u00e9s est acceptable.<\/p>\n<p>Apr\u00e8s avoir identifi\u00e9 le contexte et d\u00e9fini l\u2019<strong>objectif<\/strong>, la premi\u00e8re \u00e9tape est la <strong>caract\u00e9risation du danger<\/strong>&nbsp;; le danger \u00e9tant le risque sanitaire, biologique, chimique ou physique d\u2019int\u00e9r\u00eat.<\/p>\n<p>Par la suite, la <strong>fr\u00e9quence<\/strong> et la <strong>dur\u00e9e d\u2019exposition<\/strong> vont \u00eatre estim\u00e9es et des sc\u00e9narii d\u2019exposition seront d\u00e9velopp\u00e9s.<\/p>\n<p>Enfin, l\u2019\u00e9valuation du risque se cl\u00f4ture par une <strong>caract\u00e9risation du risque<\/strong> et une <strong>conclusion<\/strong> sur la <strong>probabilit\u00e9 de r\u00e9alisation du danger<\/strong> est \u00e9tablie.<\/p>\n<p><em>Quelques exemples&nbsp;:<\/em><\/p>\n<p><strong>Risque chimique :<\/strong> exposition aux phtalates<\/p>\n<p><strong>Risque biologique :<\/strong> exposition aux moisissures<\/p>\n<p><strong>Risque sanitaire :<\/strong> exposition aux IST lors d\u2019actes m\u00e9dicaux<\/p>\n<p>Une fois les <strong>risques identifi\u00e9s<\/strong>, des <strong>actions de pr\u00e9vention<\/strong> sont mises en place telles que la <strong>formation des salari\u00e9s<\/strong>, l&#8217;<strong>am\u00e9lioration des installations<\/strong> et la<strong> mise \u00e0 disposition de mat\u00e9riel de s\u00e9curit\u00e9<\/strong>. Il est aussi essentiel de <strong>suivre les r\u00e9glementations en vigueur<\/strong>, en particulier celles relatives \u00e0 l&#8217;utilisation de produits chimiques ou biologiques.<\/p>\n<p>En r\u00e9sum\u00e9, pour une TPE\/PME, l&#8217;\u00e9valuation des risques sanitaires est indispensable pour <strong>assurer un environnement de travail s\u00e9curis\u00e9 et conforme \u00e0 la loi<\/strong>. L&#8217;\u00e9valuation des risques est essentielle pour <strong>prot\u00e9ger la sant\u00e9 et la s\u00e9curit\u00e9 des travailleurs&nbsp;<\/strong>ainsi que pour pr\u00e9venir les <strong>cons\u00e9quences juridiques, financi\u00e8res et humaines n\u00e9fastes pour une entreprise<\/strong>. Son absence expose les TPE et les PME \u00e0 des <strong>risques importants<\/strong>, notamment en termes de non-conformit\u00e9 l\u00e9gale, de responsabilit\u00e9 civile, de co\u00fbts financiers et d&#8217;impact sur le bien-\u00eatre des employ\u00e9s. <strong>Investir dans une \u00e9valuation des risques efficace est donc crucial pour assurer la p\u00e9rennit\u00e9 de l&#8217;entreprise et la s\u00e9curit\u00e9 des collaborateurs. <br><\/strong><\/p>\t\t\t\t\t\t\t\t<\/div>\n\t\t\t\t<\/div>\n\t\t\t\t\t<\/div>\n\t\t\t\t<\/div>\n\t\t\t\t<\/div>\n\t\t","protected":false},"excerpt":{"rendered":"<p>L&#8217;\u00e9valuation des risques sanitaires pour une TPE\/PME est une d\u00e9marche essentielle pour prot\u00e9ger les employ\u00e9s, les clients et l&#8217;environnement ; cela implique d&#8217;identifier, d&#8217;analyser et de pr\u00e9venir les risques li\u00e9s \u00e0 divers facteurs comme les agents biologiques, chimiques, et environnementaux. Selon l&#8217;Anses, les risques sanitaires se r\u00e9f\u00e8rent \u00e0 toute menace pour la sant\u00e9 humaine, l&#8217;environnement [&hellip;]<\/p>\n","protected":false},"author":1,"featured_media":0,"parent":0,"menu_order":0,"comment_status":"closed","ping_status":"closed","template":"","meta":{"footnotes":""},"class_list":["post-158","page","type-page","status-publish","hentry"],"yoast_head":"<!-- This site is optimized with the Yoast SEO plugin v27.4 - https:\/\/yoast.com\/product\/yoast-seo-wordpress\/ -->\n<title>\u00c9valuation des Risques - MDS Consilia<\/title>\n<meta name=\"robots\" content=\"index, follow, max-snippet:-1, max-image-preview:large, max-video-preview:-1\" \/>\n<link rel=\"canonical\" href=\"https:\/\/mdsconsilia.fr\/index.php\/evaluation-des-risques\/\" \/>\n<meta property=\"og:locale\" content=\"en_US\" \/>\n<meta property=\"og:type\" content=\"article\" \/>\n<meta property=\"og:title\" content=\"\u00c9valuation des Risques - MDS Consilia\" \/>\n<meta property=\"og:description\" content=\"L&#8217;\u00e9valuation des risques sanitaires pour une TPE\/PME est une d\u00e9marche essentielle pour prot\u00e9ger les employ\u00e9s, les clients et l&#8217;environnement ; cela implique d&#8217;identifier, d&#8217;analyser et de pr\u00e9venir les risques li\u00e9s \u00e0 divers facteurs comme les agents biologiques, chimiques, et environnementaux. Selon l&#8217;Anses, les risques sanitaires se r\u00e9f\u00e8rent \u00e0 toute menace pour la sant\u00e9 humaine, l&#8217;environnement [&hellip;]\" \/>\n<meta property=\"og:url\" content=\"https:\/\/mdsconsilia.fr\/index.php\/evaluation-des-risques\/\" \/>\n<meta property=\"og:site_name\" content=\"MDS Consilia\" \/>\n<meta property=\"article:modified_time\" content=\"2024-09-24T16:34:12+00:00\" \/>\n<meta name=\"twitter:card\" content=\"summary_large_image\" \/>\n<meta name=\"twitter:label1\" content=\"Est. reading time\" \/>\n\t<meta name=\"twitter:data1\" content=\"2 minutes\" \/>\n<script type=\"application\/ld+json\" class=\"yoast-schema-graph\">{\"@context\":\"https:\\\/\\\/schema.org\",\"@graph\":[{\"@type\":\"WebPage\",\"@id\":\"https:\\\/\\\/mdsconsilia.fr\\\/index.php\\\/evaluation-des-risques\\\/\",\"url\":\"https:\\\/\\\/mdsconsilia.fr\\\/index.php\\\/evaluation-des-risques\\\/\",\"name\":\"\u00c9valuation des Risques - MDS Consilia\",\"isPartOf\":{\"@id\":\"http:\\\/\\\/mdsconsilia.fr\\\/#website\"},\"datePublished\":\"2024-01-03T19:17:42+00:00\",\"dateModified\":\"2024-09-24T16:34:12+00:00\",\"breadcrumb\":{\"@id\":\"https:\\\/\\\/mdsconsilia.fr\\\/index.php\\\/evaluation-des-risques\\\/#breadcrumb\"},\"inLanguage\":\"en-US\",\"potentialAction\":[{\"@type\":\"ReadAction\",\"target\":[\"https:\\\/\\\/mdsconsilia.fr\\\/index.php\\\/evaluation-des-risques\\\/\"]}]},{\"@type\":\"BreadcrumbList\",\"@id\":\"https:\\\/\\\/mdsconsilia.fr\\\/index.php\\\/evaluation-des-risques\\\/#breadcrumb\",\"itemListElement\":[{\"@type\":\"ListItem\",\"position\":1,\"name\":\"Accueil\",\"item\":\"http:\\\/\\\/mdsconsilia.fr\\\/\"},{\"@type\":\"ListItem\",\"position\":2,\"name\":\"\u00c9valuation des Risques\"}]},{\"@type\":\"WebSite\",\"@id\":\"http:\\\/\\\/mdsconsilia.fr\\\/#website\",\"url\":\"http:\\\/\\\/mdsconsilia.fr\\\/\",\"name\":\"MDS Consilia\",\"description\":\"MDS Consilia - Strat\u00e9gie Globale  &amp; Gestion des Risques de l&#039;entreprise\",\"publisher\":{\"@id\":\"http:\\\/\\\/mdsconsilia.fr\\\/#organization\"},\"potentialAction\":[{\"@type\":\"SearchAction\",\"target\":{\"@type\":\"EntryPoint\",\"urlTemplate\":\"http:\\\/\\\/mdsconsilia.fr\\\/?s={search_term_string}\"},\"query-input\":{\"@type\":\"PropertyValueSpecification\",\"valueRequired\":true,\"valueName\":\"search_term_string\"}}],\"inLanguage\":\"en-US\"},{\"@type\":\"Organization\",\"@id\":\"http:\\\/\\\/mdsconsilia.fr\\\/#organization\",\"name\":\"MDS Consilia\",\"url\":\"http:\\\/\\\/mdsconsilia.fr\\\/\",\"logo\":{\"@type\":\"ImageObject\",\"inLanguage\":\"en-US\",\"@id\":\"http:\\\/\\\/mdsconsilia.fr\\\/#\\\/schema\\\/logo\\\/image\\\/\",\"url\":\"http:\\\/\\\/mdsconsilia.fr\\\/wp-content\\\/uploads\\\/2024\\\/01\\\/cropped-MDS_logo_web2.jpg\",\"contentUrl\":\"http:\\\/\\\/mdsconsilia.fr\\\/wp-content\\\/uploads\\\/2024\\\/01\\\/cropped-MDS_logo_web2.jpg\",\"width\":499,\"height\":290,\"caption\":\"MDS Consilia\"},\"image\":{\"@id\":\"http:\\\/\\\/mdsconsilia.fr\\\/#\\\/schema\\\/logo\\\/image\\\/\"}}]}<\/script>\n<!-- \/ Yoast SEO plugin. -->","yoast_head_json":{"title":"\u00c9valuation des Risques - MDS Consilia","robots":{"index":"index","follow":"follow","max-snippet":"max-snippet:-1","max-image-preview":"max-image-preview:large","max-video-preview":"max-video-preview:-1"},"canonical":"https:\/\/mdsconsilia.fr\/index.php\/evaluation-des-risques\/","og_locale":"en_US","og_type":"article","og_title":"\u00c9valuation des Risques - MDS Consilia","og_description":"L&#8217;\u00e9valuation des risques sanitaires pour une TPE\/PME est une d\u00e9marche essentielle pour prot\u00e9ger les employ\u00e9s, les clients et l&#8217;environnement ; cela implique d&#8217;identifier, d&#8217;analyser et de pr\u00e9venir les risques li\u00e9s \u00e0 divers facteurs comme les agents biologiques, chimiques, et environnementaux. Selon l&#8217;Anses, les risques sanitaires se r\u00e9f\u00e8rent \u00e0 toute menace pour la sant\u00e9 humaine, l&#8217;environnement [&hellip;]","og_url":"https:\/\/mdsconsilia.fr\/index.php\/evaluation-des-risques\/","og_site_name":"MDS Consilia","article_modified_time":"2024-09-24T16:34:12+00:00","twitter_card":"summary_large_image","twitter_misc":{"Est. reading time":"2 minutes"},"schema":{"@context":"https:\/\/schema.org","@graph":[{"@type":"WebPage","@id":"https:\/\/mdsconsilia.fr\/index.php\/evaluation-des-risques\/","url":"https:\/\/mdsconsilia.fr\/index.php\/evaluation-des-risques\/","name":"\u00c9valuation des Risques - MDS Consilia","isPartOf":{"@id":"http:\/\/mdsconsilia.fr\/#website"},"datePublished":"2024-01-03T19:17:42+00:00","dateModified":"2024-09-24T16:34:12+00:00","breadcrumb":{"@id":"https:\/\/mdsconsilia.fr\/index.php\/evaluation-des-risques\/#breadcrumb"},"inLanguage":"en-US","potentialAction":[{"@type":"ReadAction","target":["https:\/\/mdsconsilia.fr\/index.php\/evaluation-des-risques\/"]}]},{"@type":"BreadcrumbList","@id":"https:\/\/mdsconsilia.fr\/index.php\/evaluation-des-risques\/#breadcrumb","itemListElement":[{"@type":"ListItem","position":1,"name":"Accueil","item":"http:\/\/mdsconsilia.fr\/"},{"@type":"ListItem","position":2,"name":"\u00c9valuation des Risques"}]},{"@type":"WebSite","@id":"http:\/\/mdsconsilia.fr\/#website","url":"http:\/\/mdsconsilia.fr\/","name":"MDS Consilia","description":"MDS Consilia - Strat\u00e9gie Globale  &amp; Gestion des Risques de l&#039;entreprise","publisher":{"@id":"http:\/\/mdsconsilia.fr\/#organization"},"potentialAction":[{"@type":"SearchAction","target":{"@type":"EntryPoint","urlTemplate":"http:\/\/mdsconsilia.fr\/?s={search_term_string}"},"query-input":{"@type":"PropertyValueSpecification","valueRequired":true,"valueName":"search_term_string"}}],"inLanguage":"en-US"},{"@type":"Organization","@id":"http:\/\/mdsconsilia.fr\/#organization","name":"MDS Consilia","url":"http:\/\/mdsconsilia.fr\/","logo":{"@type":"ImageObject","inLanguage":"en-US","@id":"http:\/\/mdsconsilia.fr\/#\/schema\/logo\/image\/","url":"http:\/\/mdsconsilia.fr\/wp-content\/uploads\/2024\/01\/cropped-MDS_logo_web2.jpg","contentUrl":"http:\/\/mdsconsilia.fr\/wp-content\/uploads\/2024\/01\/cropped-MDS_logo_web2.jpg","width":499,"height":290,"caption":"MDS Consilia"},"image":{"@id":"http:\/\/mdsconsilia.fr\/#\/schema\/logo\/image\/"}}]}},"_links":{"self":[{"href":"http:\/\/mdsconsilia.fr\/index.php\/wp-json\/wp\/v2\/pages\/158","targetHints":{"allow":["GET"]}}],"collection":[{"href":"http:\/\/mdsconsilia.fr\/index.php\/wp-json\/wp\/v2\/pages"}],"about":[{"href":"http:\/\/mdsconsilia.fr\/index.php\/wp-json\/wp\/v2\/types\/page"}],"author":[{"embeddable":true,"href":"http:\/\/mdsconsilia.fr\/index.php\/wp-json\/wp\/v2\/users\/1"}],"replies":[{"embeddable":true,"href":"http:\/\/mdsconsilia.fr\/index.php\/wp-json\/wp\/v2\/comments?post=158"}],"version-history":[{"count":22,"href":"http:\/\/mdsconsilia.fr\/index.php\/wp-json\/wp\/v2\/pages\/158\/revisions"}],"predecessor-version":[{"id":454,"href":"http:\/\/mdsconsilia.fr\/index.php\/wp-json\/wp\/v2\/pages\/158\/revisions\/454"}],"wp:attachment":[{"href":"http:\/\/mdsconsilia.fr\/index.php\/wp-json\/wp\/v2\/media?parent=158"}],"curies":[{"name":"wp","href":"https:\/\/api.w.org\/{rel}","templated":true}]}}