{"id":160,"date":"2024-01-03T20:18:03","date_gmt":"2024-01-03T19:18:03","guid":{"rendered":"http:\/\/mdsconsilia.fr\/?page_id=160"},"modified":"2024-09-24T18:38:06","modified_gmt":"2024-09-24T16:38:06","slug":"gestion-des-risques-professionnels","status":"publish","type":"page","link":"https:\/\/mdsconsilia.fr\/index.php\/gestion-des-risques-professionnels\/","title":{"rendered":"Gestion des Risques"},"content":{"rendered":"\t\t<div data-elementor-type=\"wp-page\" data-elementor-id=\"160\" class=\"elementor elementor-160\">\n\t\t\t\t<div class=\"elementor-element elementor-element-8fbf3ac e-flex e-con-boxed e-con e-parent\" data-id=\"8fbf3ac\" data-element_type=\"container\" data-e-type=\"container\">\n\t\t\t\t\t<div class=\"e-con-inner\">\n\t\t\t\t<div class=\"elementor-element elementor-element-070911a elementor-widget elementor-widget-text-editor\" data-id=\"070911a\" data-element_type=\"widget\" data-e-type=\"widget\" data-widget_type=\"text-editor.default\">\n\t\t\t\t<div class=\"elementor-widget-container\">\n\t\t\t\t\t\t\t\t\t<p>Lors des rencontres de l\u2019AMRAE de f\u00e9vrier 2023, l\u2019accent a \u00e9t\u00e9 mis sur la prise en compte de la gestion des risques au sein de TPE \/ PME longtemps \u00e9cart\u00e9e des pr\u00e9occupations des Risk Managers.<\/p><p>Il \u00e9tait temps\u00a0!<\/p><p>Notre objectif est donc de vous proposer la Gestion des Risques de votre entreprise \u00e0 partir d\u2019un audit (visite de votre entreprise, interviews, questionnaires, \u2026).<\/p><p>Apr\u00e8s une analyse fine du contexte et de l\u2019environnement de votre entreprise, nous nous attacherons \u00e0 identifier et \u00e0 formuler les risques existants au sein de votre organisation.<\/p><p>Ensuite, \u00e0 l\u2019aide de diff\u00e9rents outils, nous \u00e9tablirons une hi\u00e9rarchisation des risques (acceptables ou non au sein de votre entit\u00e9 en fonction de vos propres crit\u00e8res, en fonction de votre app\u00e9tence au risque).<\/p><p>Nous traiterons les risques\u00a0en\u00a0:<\/p><ul><li>D\u00e9terminant les risques les plus critiques, le niveau cible<\/li><li>Privil\u00e9giant le traitement des causes (r\u00e9duction \u00e0 la source), avant de traiter les cons\u00e9quences, en adaptant le traitement au type de risques<\/li><li>Prenant en compte le jeu des acteurs internes (voire externes)<\/li><\/ul><p>Nous vous proposerons un plan d\u2019action sur les risques que vous aurez d\u00e9termin\u00e9s comme \u00e9tant les risques majeurs (\u00e0 la suite de l\u2019analyse de la cartographie des risques que nous vous aurons remise et qui vous aura permis de mettre en \u00e9vidence les risques majeurs de votre entreprise \u00e0 l&#8217;instant T).<\/p><p>Une mise \u00e0 jour annuelle de votre process gestion des risques est recommand\u00e9e avec une implication du personnel .<\/p>\t\t\t\t\t\t\t\t<\/div>\n\t\t\t\t<\/div>\n\t\t\t\t<div class=\"elementor-element elementor-element-4126b58 elementor-widget elementor-widget-text-editor\" data-id=\"4126b58\" data-element_type=\"widget\" data-e-type=\"widget\" data-widget_type=\"text-editor.default\">\n\t\t\t\t<div class=\"elementor-widget-container\">\n\t\t\t\t\t\t\t\t\t<p><strong>Quels sont les risques auxquels s\u2019exposent une entreprise, et notamment les TPE \/ PME, en l\u2019absence de gestion des risques\u00a0? <\/strong><\/p><ol><li><strong>Risques en mati\u00e8re de sant\u00e9 et s\u00e9curit\u00e9 au travail : <\/strong><ul><li>Accidents du travail : Chutes, blessures li\u00e9es \u00e0 l&#8217;utilisation d&#8217;outils ou de machines, br\u00fblures, etc.<\/li><li>Maladies professionnelles : Exposition \u00e0 des substances nocives, troubles musculo-squelettiques (TMS) li\u00e9s \u00e0 des postures de travail contraignantes, stress li\u00e9 \u00e0 la charge de travail, etc.<\/li><li>Incendies et explosions : Risques li\u00e9s \u00e0 des installations \u00e9lectriques d\u00e9fectueuses, \u00e0 la manipulation de produits inflammables, etc.<\/li><\/ul><\/li><li><strong>Risques op\u00e9rationnels : <\/strong><ul><li>Interruption des activit\u00e9s : Pannes techniques, d\u00e9faillance des \u00e9quipements, catastrophe naturelle, etc.<\/li><li>Perturbation de la cha\u00eene d&#8217;approvisionnement : P\u00e9nurie de mati\u00e8res premi\u00e8res, d\u00e9faillance des fournisseurs, probl\u00e8mes logistiques, etc.<\/li><li>Cyberattaques : Piratage informatique, vol de donn\u00e9es, ransomware, etc.<\/li><\/ul><\/li><li><strong>Risques financiers : <\/strong><ul><li>Pertes financi\u00e8res : Co\u00fbts li\u00e9s aux accidents du travail, indemnit\u00e9s de d\u00e9part, amendes et sanctions l\u00e9gales, pertes de march\u00e9 suite \u00e0 une r\u00e9putation entach\u00e9e, etc.<\/li><li>Impacts sur la tr\u00e9sorerie : Paiement des primes d&#8217;assurance, frais de remplacement du mat\u00e9riel endommag\u00e9, co\u00fbts de remplacement du personnel, etc.<\/li><\/ul><\/li><li><strong>Risques li\u00e9s \u00e0 la conformit\u00e9 r\u00e9glementaire : <\/strong><ul><li>Non-conformit\u00e9 aux normes de s\u00e9curit\u00e9 : Non-respect des normes de s\u00e9curit\u00e9 au travail, absence de mesures de pr\u00e9vention des risques, etc.<\/li><li>Sanctions l\u00e9gales : Amendes, poursuites judiciaires, fermeture administrative, etc., en cas de non-respect des r\u00e9glementations en vigueur.<\/li><\/ul><\/li><li><strong>Risques li\u00e9s \u00e0 la r\u00e9putation et \u00e0 l&#8217;image de marque : <\/strong><ul><li>Dommages \u00e0 la r\u00e9putation : M\u00e9diatisation d&#8217;accidents du travail, plaintes des employ\u00e9s, mauvaise perception par les clients et les partenaires commerciaux, etc.<\/li><li>Perte de confiance : Diminution de la confiance des parties prenantes (clients, investisseurs, employ\u00e9s) envers l&#8217;entreprise.<\/li><\/ul><\/li><li><strong>Risques li\u00e9s aux ressources humaines : <\/strong><ul><li>Turnover accru : Insatisfaction des employ\u00e9s li\u00e9e \u00e0 des conditions de travail dangereuses ou \u00e0 des politiques de s\u00e9curit\u00e9 inad\u00e9quates.<\/li><li>Difficult\u00e9s de recrutement : Mauvaise r\u00e9putation de l&#8217;entreprise en mati\u00e8re de s\u00e9curit\u00e9 et de conditions de travail, difficult\u00e9 \u00e0 attirer de nouveaux talents.<\/li><\/ul><\/li><\/ol><p>En r\u00e9sum\u00e9, l&#8217;absence <strong>de gestion des risques<\/strong> expose l&#8217;entreprise \u00e0 une multitude de risques potentiels dans diff\u00e9rents domaines, allant de la sant\u00e9 et s\u00e9curit\u00e9 au travail aux risques op\u00e9rationnels, financiers, r\u00e9glementaires, et m\u00eame \u00e0 des impacts sur la r\u00e9putation et les ressources humaines. <strong>La gestion proactive de ces risques est essentielle pour assurer la p\u00e9rennit\u00e9 et le succ\u00e8s de l&#8217;entreprise.<\/strong><\/p>\t\t\t\t\t\t\t\t<\/div>\n\t\t\t\t<\/div>\n\t\t\t\t\t<\/div>\n\t\t\t\t<\/div>\n\t\t\t\t<\/div>\n\t\t","protected":false},"excerpt":{"rendered":"<p>Lors des rencontres de l\u2019AMRAE de f\u00e9vrier 2023, l\u2019accent a \u00e9t\u00e9 mis sur la prise en compte de la gestion des risques au sein de TPE \/ PME longtemps \u00e9cart\u00e9e des pr\u00e9occupations des Risk Managers. Il \u00e9tait temps\u00a0! Notre objectif est donc de vous proposer la Gestion des Risques de votre entreprise \u00e0 partir d\u2019un [&hellip;]<\/p>\n","protected":false},"author":1,"featured_media":0,"parent":0,"menu_order":0,"comment_status":"closed","ping_status":"closed","template":"","meta":{"footnotes":""},"class_list":["post-160","page","type-page","status-publish","hentry"],"yoast_head":"<!-- This site is optimized with the Yoast SEO plugin v27.4 - https:\/\/yoast.com\/product\/yoast-seo-wordpress\/ -->\n<title>Gestion des Risques - MDS Consilia<\/title>\n<meta name=\"robots\" content=\"index, follow, max-snippet:-1, max-image-preview:large, max-video-preview:-1\" \/>\n<link rel=\"canonical\" href=\"https:\/\/mdsconsilia.fr\/index.php\/gestion-des-risques-professionnels\/\" \/>\n<meta property=\"og:locale\" content=\"en_US\" \/>\n<meta property=\"og:type\" content=\"article\" \/>\n<meta property=\"og:title\" content=\"Gestion des Risques - MDS Consilia\" \/>\n<meta property=\"og:description\" content=\"Lors des rencontres de l\u2019AMRAE de f\u00e9vrier 2023, l\u2019accent a \u00e9t\u00e9 mis sur la prise en compte de la gestion des risques au sein de TPE \/ PME longtemps \u00e9cart\u00e9e des pr\u00e9occupations des Risk Managers. Il \u00e9tait temps\u00a0! Notre objectif est donc de vous proposer la Gestion des Risques de votre entreprise \u00e0 partir d\u2019un [&hellip;]\" \/>\n<meta property=\"og:url\" content=\"https:\/\/mdsconsilia.fr\/index.php\/gestion-des-risques-professionnels\/\" \/>\n<meta property=\"og:site_name\" content=\"MDS Consilia\" \/>\n<meta property=\"article:modified_time\" content=\"2024-09-24T16:38:06+00:00\" \/>\n<meta name=\"twitter:card\" content=\"summary_large_image\" \/>\n<meta name=\"twitter:label1\" content=\"Est. reading time\" \/>\n\t<meta name=\"twitter:data1\" content=\"3 minutes\" \/>\n<script type=\"application\/ld+json\" class=\"yoast-schema-graph\">{\"@context\":\"https:\\\/\\\/schema.org\",\"@graph\":[{\"@type\":\"WebPage\",\"@id\":\"https:\\\/\\\/mdsconsilia.fr\\\/index.php\\\/gestion-des-risques-professionnels\\\/\",\"url\":\"https:\\\/\\\/mdsconsilia.fr\\\/index.php\\\/gestion-des-risques-professionnels\\\/\",\"name\":\"Gestion des Risques - MDS Consilia\",\"isPartOf\":{\"@id\":\"https:\\\/\\\/mdsconsilia.fr\\\/#website\"},\"datePublished\":\"2024-01-03T19:18:03+00:00\",\"dateModified\":\"2024-09-24T16:38:06+00:00\",\"breadcrumb\":{\"@id\":\"https:\\\/\\\/mdsconsilia.fr\\\/index.php\\\/gestion-des-risques-professionnels\\\/#breadcrumb\"},\"inLanguage\":\"en-US\",\"potentialAction\":[{\"@type\":\"ReadAction\",\"target\":[\"https:\\\/\\\/mdsconsilia.fr\\\/index.php\\\/gestion-des-risques-professionnels\\\/\"]}]},{\"@type\":\"BreadcrumbList\",\"@id\":\"https:\\\/\\\/mdsconsilia.fr\\\/index.php\\\/gestion-des-risques-professionnels\\\/#breadcrumb\",\"itemListElement\":[{\"@type\":\"ListItem\",\"position\":1,\"name\":\"Accueil\",\"item\":\"https:\\\/\\\/mdsconsilia.fr\\\/\"},{\"@type\":\"ListItem\",\"position\":2,\"name\":\"Gestion des Risques\"}]},{\"@type\":\"WebSite\",\"@id\":\"https:\\\/\\\/mdsconsilia.fr\\\/#website\",\"url\":\"https:\\\/\\\/mdsconsilia.fr\\\/\",\"name\":\"MDS Consilia\",\"description\":\"MDS Consilia - Strat\u00e9gie Globale  &amp; Gestion des Risques de l&#039;entreprise\",\"publisher\":{\"@id\":\"https:\\\/\\\/mdsconsilia.fr\\\/#organization\"},\"potentialAction\":[{\"@type\":\"SearchAction\",\"target\":{\"@type\":\"EntryPoint\",\"urlTemplate\":\"https:\\\/\\\/mdsconsilia.fr\\\/?s={search_term_string}\"},\"query-input\":{\"@type\":\"PropertyValueSpecification\",\"valueRequired\":true,\"valueName\":\"search_term_string\"}}],\"inLanguage\":\"en-US\"},{\"@type\":\"Organization\",\"@id\":\"https:\\\/\\\/mdsconsilia.fr\\\/#organization\",\"name\":\"MDS Consilia\",\"url\":\"https:\\\/\\\/mdsconsilia.fr\\\/\",\"logo\":{\"@type\":\"ImageObject\",\"inLanguage\":\"en-US\",\"@id\":\"https:\\\/\\\/mdsconsilia.fr\\\/#\\\/schema\\\/logo\\\/image\\\/\",\"url\":\"https:\\\/\\\/mdsconsilia.fr\\\/wp-content\\\/uploads\\\/2024\\\/01\\\/cropped-MDS_logo_web2.jpg\",\"contentUrl\":\"https:\\\/\\\/mdsconsilia.fr\\\/wp-content\\\/uploads\\\/2024\\\/01\\\/cropped-MDS_logo_web2.jpg\",\"width\":499,\"height\":290,\"caption\":\"MDS Consilia\"},\"image\":{\"@id\":\"https:\\\/\\\/mdsconsilia.fr\\\/#\\\/schema\\\/logo\\\/image\\\/\"}}]}<\/script>\n<!-- \/ Yoast SEO plugin. -->","yoast_head_json":{"title":"Gestion des Risques - MDS Consilia","robots":{"index":"index","follow":"follow","max-snippet":"max-snippet:-1","max-image-preview":"max-image-preview:large","max-video-preview":"max-video-preview:-1"},"canonical":"https:\/\/mdsconsilia.fr\/index.php\/gestion-des-risques-professionnels\/","og_locale":"en_US","og_type":"article","og_title":"Gestion des Risques - MDS Consilia","og_description":"Lors des rencontres de l\u2019AMRAE de f\u00e9vrier 2023, l\u2019accent a \u00e9t\u00e9 mis sur la prise en compte de la gestion des risques au sein de TPE \/ PME longtemps \u00e9cart\u00e9e des pr\u00e9occupations des Risk Managers. Il \u00e9tait temps\u00a0! Notre objectif est donc de vous proposer la Gestion des Risques de votre entreprise \u00e0 partir d\u2019un [&hellip;]","og_url":"https:\/\/mdsconsilia.fr\/index.php\/gestion-des-risques-professionnels\/","og_site_name":"MDS Consilia","article_modified_time":"2024-09-24T16:38:06+00:00","twitter_card":"summary_large_image","twitter_misc":{"Est. reading time":"3 minutes"},"schema":{"@context":"https:\/\/schema.org","@graph":[{"@type":"WebPage","@id":"https:\/\/mdsconsilia.fr\/index.php\/gestion-des-risques-professionnels\/","url":"https:\/\/mdsconsilia.fr\/index.php\/gestion-des-risques-professionnels\/","name":"Gestion des Risques - MDS Consilia","isPartOf":{"@id":"https:\/\/mdsconsilia.fr\/#website"},"datePublished":"2024-01-03T19:18:03+00:00","dateModified":"2024-09-24T16:38:06+00:00","breadcrumb":{"@id":"https:\/\/mdsconsilia.fr\/index.php\/gestion-des-risques-professionnels\/#breadcrumb"},"inLanguage":"en-US","potentialAction":[{"@type":"ReadAction","target":["https:\/\/mdsconsilia.fr\/index.php\/gestion-des-risques-professionnels\/"]}]},{"@type":"BreadcrumbList","@id":"https:\/\/mdsconsilia.fr\/index.php\/gestion-des-risques-professionnels\/#breadcrumb","itemListElement":[{"@type":"ListItem","position":1,"name":"Accueil","item":"https:\/\/mdsconsilia.fr\/"},{"@type":"ListItem","position":2,"name":"Gestion des Risques"}]},{"@type":"WebSite","@id":"https:\/\/mdsconsilia.fr\/#website","url":"https:\/\/mdsconsilia.fr\/","name":"MDS Consilia","description":"MDS Consilia - Strat\u00e9gie Globale  &amp; Gestion des Risques de l&#039;entreprise","publisher":{"@id":"https:\/\/mdsconsilia.fr\/#organization"},"potentialAction":[{"@type":"SearchAction","target":{"@type":"EntryPoint","urlTemplate":"https:\/\/mdsconsilia.fr\/?s={search_term_string}"},"query-input":{"@type":"PropertyValueSpecification","valueRequired":true,"valueName":"search_term_string"}}],"inLanguage":"en-US"},{"@type":"Organization","@id":"https:\/\/mdsconsilia.fr\/#organization","name":"MDS Consilia","url":"https:\/\/mdsconsilia.fr\/","logo":{"@type":"ImageObject","inLanguage":"en-US","@id":"https:\/\/mdsconsilia.fr\/#\/schema\/logo\/image\/","url":"https:\/\/mdsconsilia.fr\/wp-content\/uploads\/2024\/01\/cropped-MDS_logo_web2.jpg","contentUrl":"https:\/\/mdsconsilia.fr\/wp-content\/uploads\/2024\/01\/cropped-MDS_logo_web2.jpg","width":499,"height":290,"caption":"MDS Consilia"},"image":{"@id":"https:\/\/mdsconsilia.fr\/#\/schema\/logo\/image\/"}}]}},"_links":{"self":[{"href":"https:\/\/mdsconsilia.fr\/index.php\/wp-json\/wp\/v2\/pages\/160","targetHints":{"allow":["GET"]}}],"collection":[{"href":"https:\/\/mdsconsilia.fr\/index.php\/wp-json\/wp\/v2\/pages"}],"about":[{"href":"https:\/\/mdsconsilia.fr\/index.php\/wp-json\/wp\/v2\/types\/page"}],"author":[{"embeddable":true,"href":"https:\/\/mdsconsilia.fr\/index.php\/wp-json\/wp\/v2\/users\/1"}],"replies":[{"embeddable":true,"href":"https:\/\/mdsconsilia.fr\/index.php\/wp-json\/wp\/v2\/comments?post=160"}],"version-history":[{"count":14,"href":"https:\/\/mdsconsilia.fr\/index.php\/wp-json\/wp\/v2\/pages\/160\/revisions"}],"predecessor-version":[{"id":458,"href":"https:\/\/mdsconsilia.fr\/index.php\/wp-json\/wp\/v2\/pages\/160\/revisions\/458"}],"wp:attachment":[{"href":"https:\/\/mdsconsilia.fr\/index.php\/wp-json\/wp\/v2\/media?parent=160"}],"curies":[{"name":"wp","href":"https:\/\/api.w.org\/{rel}","templated":true}]}}